77 (base 12) to base 3.
2010121101
-38a (base 12) to base 15
-25d
What is 474 (base 11) in base 4?
20311
What is 3d7 (base 16) in base 9?
1312
Convert -10011011100000 (base 2) to base 11.
-7528
What is 231032 (base 4) in base 10?
2894
What is db (base 14) in base 6?
521
What is -b590 (base 12) in base 6?
-231500
Convert 13112301 (base 4) to base 9.
45286
What is -434 (base 13) in base 9?
-878
What is 6509 (base 12) in base 5?
323342
What is -11010110111 (base 2) in base 9?
-2320
3429 (base 14) to base 4
2031131
What is -444 (base 10) in base 16?
-1bc
What is 638 (base 9) in base 15?
24b
Convert -1b7 (base 14) to base 9.
-436
What is 793 (base 11) in base 14?
4bb
What is 100100 (base 4) in base 2?
10000010000
What is 720a (base 13) in base 10?
15727
19899 (base 11) to base 5
1341241
What is 12202 (base 14) in base 16?
ad0a
-10231 (base 5) to base 3
-221121
Convert -17451 (base 9) to base 16.
-2f02
Convert 967 (base 11) to base 8.
2212
Convert -110111011 (base 2) to base 11.
-373
3054 (base 9) to base 13
1030
Convert 467 (base 8) to base 15.
15b
292 (base 10) to base 14
16c
Convert -33102 (base 9) to base 14.
-8001
Convert -7323 (base 10) to base 6.
-53523
What is 5562 (base 7) in base 9?
2666
Convert 12112222 (base 3) to base 10.
4049
-12a96 (base 11) to base 3
-221112120
Convert 30d (base 15) to base 4.
22300
Convert 312202 (base 4) to base 12.
202a
49d (base 15) to base 4
100120
What is 10101110 (base 2) in base 13?
105
-933 (base 13) to base 14
-7d9
-51 (base 9) to base 8
-56
Convert -2040 (base 10) to base 3.
-2210120
Convert -593 (base 10) to base 3.
-210222
-23220 (base 5) to base 15
-775
What is -1112102001 (base 3) in base 5?
-1431222
What is -2587 (base 9) in base 8?
-3626
-2007 (base 9) to base 11
-1112
What is 110222000 (base 3) in base 5?
300300
What is 72320 (base 8) in base 11?
20516
What is 2022010001 (base 3) in base 7?
246004
What is -2221 (base 11) in base 7?
-11351
-34245 (base 6) to base 8
-11365
What is 17c4 (base 15) in base 10?
5134
Convert -220000 (base 5) to base 4.
-1311030
Convert -a1 (base 14) to base 15.
-96
Convert ba4 (base 14) to base 7.
6464
2405 (base 11) to base 12
19a7
101000010011011 (base 2) to base 6
235311
-2622 (base 9) to base 10
-1964
What is 1 (base 7) in base 3?
1
-16731 (base 10) to base 12
-9823
Convert 11012 (base 5) to base 8.
1365
-674 (base 10) to base 6
-3042
-11040 (base 5) to base 12
-542
What is 435 (base 14) in base 4?
30333
-2011 (base 6) to base 14
-235
What is -22461 (base 9) in base 12?
-87a7
Convert 11103 (base 4) to base 9.
416
17363 (base 9) to base 5
340324
3829 (base 12) to base 13
2b8c
What is 12a0 (base 12) in base 8?
4130
6a0a (base 11) to base 4
2033312
What is 12605 (base 7) in base 4?
310322
Convert 88a (base 13) to base 10.
1466
Convert 2430 (base 6) to base 14.
306
43071 (base 11) to base 6
1201551
What is aa36 (base 12) in base 15?
585c
Convert aaac (base 14) to base 11.
20226
-1b425 (base 12) to base 13
-1549a
-850 (base 15) to base 2
-11101010011
6bb (base 12) to base 5
13012
-432 (base 12) to base 6
-2502
568c (base 16) to base 14
8108
3102112 (base 4) to base 7
54151
Convert 165 (base 15) to base 6.
1252
4924 (base 10) to base 11
3777
What is 68161 (base 9) in base 3?
2022012001
What is 100110101 (base 2) in base 7?
621
Convert -101211 (base 3) to base 8.
-444
1236 (base 8) to base 5
10140
Convert -809 (base 11) to base 5.
-12402
-1001 (base 12) to base 5
-23404
-444 (base 12) to base 9
-767
Convert 6a (base 16) to base 14.
78
Convert -1220212 (base 3) to base 7.
-4040
What is -257 (base 16) in base 4?
-21113
944 (base 11) to base 8
2161
Convert -700 (base 15) to base 6.
-11143
1001212220 (base 3) to base 11
14903
21333 (base 5) to base 9
2011
What is -7d7 (base 16) in base 15?
-8dc
b9 (base 13) to base 4
2120
10130310 (base 4) to base 3
221000010
-14533 (base 6) to base 11
-1857
1802 (base 9) to base 2
10101100011
Convert 134143 (base 8) to base 13.
18640
-342f (base 16) to base 13
-6108
21e (base 15) to base 8
737
Convert -3c04 (base 16) to base 14.
-5856
Convert 334330 (base 5) to base 6.
130452
-239 (base 10) to base 16
-ef
Convert -13311 (base 5) to base 15.
-4c1
e8e (base 15) to base 5
101114
Convert 3020 (base 8) to base 4.
120100
Convert 12441 (base 5) to base 11.
826
-461602 (base 7) to base 10
-82273
281 (base 11) to base 2
101001011
What is -11ab (base 14) in base 10?
-3091
What is 5c9 (base 14) in base 12?
805
Convert -101010111 (base 2) to base 5.
-2333
-111100011110010 (base 2) to base 16
-78f2
-1143 (base 6) to base 2
-100010111
What is 264 (base 9) in base 15?
ea
Convert -1301 (base 12) to base 4.
-201301
What is 2300 (base 4) in base 14?
c8
-1035313 (base 6) to base 4
-30220131
-ad3 (base 16) to base 8
-5323
Convert 27819 (base 13) to base 10.
73875
What is -10042 (base 5) in base 3?
-212222
What is 332102 (base 5) in base 3?
120210221
-5477 (base 8) to base 13
-1406
What is -176227 (base 8) in base 10?
-64663
-1819 (base 11) to base 9
-3156
What is 110000110 (base 2) in base 16?
186
Convert -90c7 (base 13) to base 8.
-46740
What is -4716 (base 9) in base 4?
-312222
14114 (base 5) to base 7
3244
-886 (base 10) to base 7
-2404
What is 1c5 (base 13) in base 9?
406
Convert 4683 (base 10) to base 13.
2193
Convert -1bcc (base 13) to base 16.
-1080
Convert -6376 (base 8) to base 9.
-4505
13901 (base 15) to base 6
1202344
13024 (base 6) to base 15
8aa
What is -16847 (base 9) in base 7?
-45616
-15683 (base 11) to base 13
-a0b0
What is 11000011 (base 2) in base 5?
1240
14510 (base 6) to base 13
10b6
141 (base 10) to base 4
2031
-246 (base 11) to base 7
-565
639a (base 12) to base 8
25246
What is 122313 (base 4) in base 7?
5004
What is -2305 (base 6) in base 4?
-20201
Convert 33e (base 16) to base 6.
3502
What is 224041 (base 5) in base 13?
3860
ee5 (base 16) to base 2
111011100101
What is a04 (base 11) in base 10?
1214
-2026 (base 10) to base 2
-11111101010
Convert 1564 (base 13) to base 3.
11021201
Convert 72347 (base 8) to base 13.
10811
What is 101010100000 (base 2) in base 16?
aa0
Convert 10300031 (base 4) to base 13.
8b28
What is -41030 (base 6) in base 14?
-1d90
What is -13010 (base 4) in base 8?
-704
Convert -245 (base 11) to base 6.
-1203
Convert -100101111101 (base 2) to base 11.
-1909
Convert 33a (base 15) to base 7.
2062
206 (base 12) to base 2
100100110
20332 (base 4) to base 2
1000111110
What is -205 (base 11) in base 6?
-1051
Convert -28d4 (base 14) to base 4.
-1301022
What is 6c9 (base 13) in base 10?
1179
Convert -121000 (base 3) to base 6.
-2000
What is -14340 (base 7) in base 14?
-1620
112411 (base 5) to base 16
100a
-100111111100 (base 2) to base 11
-1a14
What is -1124004 (base 5) in base 10?
-20504
What is -1dd7 (base 14) in base 13?
-2658
What is -1000011 (base 3) in base 10?
-733
Convert -6522 (base 7) to base 10.
-2319
-456612 (base 7) to base 5
-10102334
What is -102 (base 9) in base 12?
-6b
286 (base 10) to base 9
347
Convert 21104 (base 10) to base 3.
1001221122
What is 5cb2 (base 15) in base 13?
8ca8
What is -15a7 (base 11) in base 14?
-a69
-ec (base 15) to base 4
-3132
1e7e (base 16) to base 6
100050
-15211 (base 6) to base 15
-ada
What is -10012012120 (base 3) in base 11?
-43241
What is -7d77 (base 14) in base 15?
-6726
Convert -644 (base 15) to base 12.
-99a
Convert 425 (base 9) to base 7.
1004
48762 (base 9) to base 15
9a4e
Convert 6a4 (base 14) to base 13.
7a7
Convert 1100111101 (base 2) to base 11.
694
111100 (base 2) to base 8
74
What is 568 (base 11) in base 13?
403
Convert 30207 (base 8) to base 2.
11000010000111
What is 10552 (base 8) in base 15?
14c3
Convert 1010010001111 (base 2) to base 7.
21226
What is 211143 (base 5) in base 4?
1232020
16a5 (base 16) to base 10
5797
1001001000110 (base 2) to base 8
11106
What is -1220200 (base 3) in base 7?
-4032
Convert 9 (base 10) to base 13.
9
94 (base 10) to base 8
136
Convert -9944 (base 13) to base 5.
-1140400
33 (base 6) to base 7
30
What is -110002121 (base 3) in base 6?
-104454
322a (base 15) to base 9
15504
What is -1000111100 (base 2) in base 16?
-23c
What is -15511 (base 8) in base 6?
-52201
c93c (base 13) to base 8
66440
What is 1112 (base 14) in base 7?
11422
Convert 153a (base 11) to base 10.
1979
Convert 571 (base 16) to base 5.
21033
Convert 1863 (base 12) to base